divided by 472.
32
Calculate the remainder when 2902852 is divided by 362796.
484
Calculate the remainder when 160134 is divided by 1127.
100
What is the remainder when 9990 is divided by 708?
78
What is the remainder when 9597155 is divided by 429?
425
What is the remainder when 4098939 is divided by 2066?
2061
What is the remainder when 3435607 is divided by 68?
43
Calculate the remainder when 34150345 is divided by 391.
14
Calculate the remainder when 817957 is divided by 817955.
2
Calculate the remainder when 127266 is divided by 854.
20
What is the remainder when 1126029 is divided by 9707?
17
Calculate the remainder when 5463761 is divided by 36.
5
Calculate the remainder when 281122 is divided by 93702.
16
What is the remainder when 15833 is divided by 1501?
823
Calculate the remainder when 66987807 is divided by 54.
51
What is the remainder when 75127716 is divided by 10705?
26
What is the remainder when 24141791 is divided by 4828338?
101
Calculate the remainder when 6338449 is divided by 3198.
13
Calculate the remainder when 15638506 is divided by 1674.
1672
What is the remainder when 1003537 is divided by 910?
717
Calculate the remainder when 1764370 is divided by 181.
163
What is the remainder when 25203353 is divided by 1713?
1697
Calculate the remainder when 12904 is divided by 1340.
844
Calculate the remainder when 13913645 is divided by 32.
13
Calculate the remainder when 125212 is divided by 479.
193
What is the remainder when 1751355 is divided by 16?
11
What is the remainder when 9370204 is divided by 1803?
13
Calculate the remainder when 264422 is divided by 22035.
2
What is the remainder when 107401899 is divided by 10261?
12
What is the remainder when 18397525 is divided by 1757?
1735
Calculate the remainder when 599909048 is divided by 767.
765
What is the remainder when 5436633 is divided by 1087324?
13
What is the remainder when 54238846 is divided by 105523?
24
What is the remainder when 4864604 is divided by 889?
885
Calculate the remainder when 3230299 is divided by 138.
133
Calculate the remainder when 518944679 is divided by 237.
236
What is the remainder when 20620087 is divided by 6873340?
67
What is the remainder when 21538511 is divided by 65867?
2
What is the remainder when 817748 is divided by 38937?
71
What is the remainder when 36515419 is divided by 48?
43
What is the remainder when 580270 is divided by 628?
626
What is the remainder when 51001 is divided by 8436?
385
Calculate the remainder when 151357 is divided by 304.
269
Calculate the remainder when 3246470 is divided by 353.
282
Calculate the remainder when 53918 is divided by 10759.
123
Calculate the remainder when 146681 is divided by 5021.
1072
What is the remainder when 12414720 is divided by 407?
406
What is the remainder when 161442 is divided by 14606?
776
What is the remainder when 144357 is divided by 2667?
339
Calculate the remainder when 954837 is divided by 250.
87
What is the remainder when 494467 is divided by 6029?
89
Calculate the remainder when 21486486 is divided by 76.
70
Calculate the remainder when 901109779 is divided by 12727.
12725
What is the remainder when 65745911 is divided by 869?
847
What is the remainder when 106119 is divided by 375?
369
Calculate the remainder when 700527 is divided by 923.
893
What is the remainder when 153777 is divided by 55?
52
What is the remainder when 436905197 is divided by 17?
12
What is the remainder when 1690528654 is divided by 307?
305
Calculate the remainder when 788935 is divided by 114.
55
Calculate the remainder when 481056 is divided by 350.
156
What is the remainder when 17947 is divided by 8595?
757
Calculate the remainder when 1173979 is divided by 26087.
64
What is the remainder when 3540164 is divided by 23?
4
What is the remainder when 216776 is divided by 8665?
151
What is the remainder when 1794021 is divided by 1186?
789
What is the remainder when 72058493 is divided by 300?
293
What is the remainder when 9945 is divided by 1146?
777
What is the remainder when 174513565 is divided by 30?
25
What is the remainder when 600486 is divided by 5509?
5
What is the remainder when 172698 is divided by 3455?
3403
Calculate the remainder when 26335 is divided by 1050.
85
Calculate the remainder when 374774 is divided by 768.
758
What is the remainder when 1410575 is divided by 2867?
11
Calculate the remainder when 597726597 is divided by 149431647.
9
What is the remainder when 16356968 is divided by 8178484?
0
Calculate the remainder when 2876072 is divided by 3178.
3160
What is the remainder when 6044542 is divided by 53?
51
Calculate the remainder when 279394 is divided by 7756.
178
What is the remainder when 4818934 is divided by 191?
4
What is the remainder when 1172273 is divided by 344?
265
Calculate the remainder when 12211871 is divided by 6105926.
19
What is the remainder when 82259 is divided by 1370?
59
Calculate the remainder when 43923388 is divided by 983.
982
Calculate the remainder when 21942181 is divided by 1779.
1774
What is the remainder when 14012 is divided by 531?
206
Calculate the remainder when 479996 is divided by 59140.
6876
Calculate the remainder when 662186 is divided by 10.
6
Calculate the remainder when 675759 is divided by 2245.
14
Calculate the remainder when 937879 is divided by 40775.
54
Calculate the remainder when 161500904 is divided by 210.
194
Calculate the remainder when 25259449 is divided by 1107.
1030
What is the remainder when 8465305 is divided by 497958?
19
What is the remainder when 12425572 is divided by 6?
4
What is the remainder when 17284312 is divided by 43?
32
What is the remainder when 440069 is divided by 1482?
1397
Calculate the remainder when 15161225 is divided by 68.
13
What is the remainder when 52838 is divided by 54?
26
What is the remainder when 1970687 is divided by 5326?
67
What is the remainder when 235701 is divided by 23?
20
Calculate the remainder when 4822371 is divided by 313.
293
What is the remainder when 139287 is divided by 46381?
144
What is the remainder when 29500 is divided by 14358?
784
Calculate the remainder when 4090060 is divided by 194760.
100
What is the remainder when 54281099 is divided by 356?
355
What is the remainder when 437823 is divided by 2055?
108
What is the remainder when 123664388 is divided by 40?
28
Calculate the remainder when 2023003 is divided by 2802.
2761
Calculate the remainder when 54177040 is divided by 424.
16
Calculate the remainder when 3918782 is divided by 538.
528
What is the remainder when 7073430 is divided by 24646?
28
Calculate the remainder when 1661 is divided by 1595.
66
Calculate the remainder when 105988 is divided by 35329.
1
What is the remainder when 3742848 is divided by 41586?
108
What is the remainder when 371212 is divided by 4218?
28
What is the remainder when 1375573 is divided by 2?
1
Calculate the remainder when 916983174 is divided by 33.
30
What is the remainder when 34093443 is divided by 386?
379
What is the remainder when 23143865 is divided by 1042?
3
What is the remainder when 17369 is divided by 4337?
21
Calculate the remainder when 68670 is divided by 156.
30
What is the remainder when 86704 is divided by 3107?
2815
What is the remainder when 116712830 is divided by 25511?
5
What is the remainder when 92795 is divided by 636?
575
Calculate the remainder when 5137504 is divided by 2568724.
56
Calculate the remainder when 2349873 is divided by 335695.
8
What is the remainder when 7618032 is divided by 67?
65
What is the remainder when 13244326 is divided by 543?
13
What is the remainder when 9801075 is divided by 3266890?
405
What is the remainder when 397688 is divided by 18?
14
Calculate the remainder when 289734 is divided by 1738.
1226
Calculate the remainder when 319794 is divided by 140.
34
What is the remainder when 54755953 is divided by 460134?
7
Calculate the remainder when 2575984 is divided by 69621.
7
Calculate the remainder when 659895 is divided by 328874.
2147
What is the remainder when 896909 is divided by 47?
8
Calculate the remainder when 37231 is divided by 1700.
1531
What is the remainder when 10030288 is divided by 190?
188
Calculate the remainder when 73759809 is divided by 10537114.
11
What is the remainder when 16